(p) = 31*p**2 + 115*p + 151. Give b(-7).
865
Let p(f) = 73076*f + 146133. Calculate p(-2).
-19
Let w(h) = 461*h + 9259. Give w(-20).
39
Let f(k) = -k**3 + 104*k**2 - 9475*k + 945655. Determine f(102).
13
Let m(d) = -d**3 - 120*d**2 - 234*d + 442. Give m(-118).
206
Let a(o) = -119*o + 2347. Give a(23).
-390
Let f(b) = 36022*b - 72070. Determine f(2).
-26
Let s(d) = 3*d**3 + 2844*d**2 + 11300*d + 3. Determine s(-4).
115
Let o(a) = 31432*a + 157184. Determine o(-5).
24
Let t(n) = n**3 + 9*n**2 + 1116*n + 6582. What is t(-6)?
-6
Let y(x) = -x**3 + 2*x**2 + 748*x + 76. Calculate y(0).
76
Let o(q) = -10341*q + 1789154. Give o(173).
161
Let s(y) = -4*y**2 + 947*y - 10890. Give s(12).
-102
Let v(a) = -4*a**3 + 94*a**2 - 44*a + 67. Calculate v(23).
113
Let n(f) = -11*f**3 - 3807*f**2 - 291*f + 19015. Calculate n(-346).
-15
Let f(v) = -318*v - 61645. Determine f(-193).
-271
Let a(t) = -7*t**3 - 21*t**2 + 32*t + 162. Give a(-5).
352
Let j(r) = -7*r**2 + 22366*r + 134264. Determine j(-6).
-184
Let y(s) = 680*s - 8584. What is y(14)?
936
Let m(c) = 57*c**2 - 56*c - 109. What is m(-2)?
231
Let k(g) = -533*g - 17510. Calculate k(-30).
-1520
Let z(y) = -2*y**3 + 139*y**2 - 734*y - 58811. Determine z(51).
-8
Let c(t) = 966*t**2 + 79240*t + 2298. What is c(-82)?
2
Let w(v) = 65*v**2 + 261*v + 1352. Calculate w(-5).
1672
Let s(r) = 3*r**2 + 955*r - 114252. What is s(-411)?
6
Let u(w) = 2*w**2 + 210*w - 375. What is u(-106)?
-163
Let g(q) = 1385*q - 62332. Give g(45).
-7
Let i(h) = -2*h**2 - 1890*h + 32719. Determine i(17).
11
Let i(z) = -960*z + 24698. Calculate i(26).
-262
Let a(p) = -68263*p - 1365266. What is a(-20)?
-6
Let j(q) = -239773*q + 479548. Determine j(2).
2
Let d(k) = 13*k**3 + 128*k**2 - 77*k - 606. Determine d(-11).
-1574
Let q(c) = 2090*c + 205914. Calculate q(-99).
-996
Let c(h) = -117158*h - 1171579. Calculate c(-10).
1
Let g(l) = 609*l - 13151. Give g(23).
856
Let j(s) = 599*s + 78987. Give j(-132).
-81
Let y(b) = -b**2 - 62*b + 1150. Give y(-82).
-490
Let o(t) = 4868*t + 223964. Give o(-46).
36
Let i(b) = 64*b**2 + 361*b + 204. Determine i(-5).
-1
Let b(q) = 3*q**3 + 6*q**2 - 20*q + 377. Calculate b(-7).
-218
Let g(b) = -b**2 + 4752*b - 2322029. Give g(553).
18
Let b(y) = 2*y**2 - 594*y + 8392. Determine b(15).
-68
Let g(a) = 15*a**3 - 5*a**2 - 59*a + 7. Give g(0).
7
Let s(i) = -52*i**3 + 134*i**2 + 43*i - 115. What is s(5)?
-3050
Let v(n) = n**2 + 51*n + 690. Calculate v(-54).
852
Let m(w) = -10*w**2 - 1674*w + 18093. Calculate m(11).
-1531
Let s(v) = -134*v**3 - 12*v**2 + 8*v + 33. Determine s(-2).
1041
Let u(h) = 22705*h - 90730. Determine u(4).
90
Let q(y) = -17*y**2 + 743668*y + 743668. Calculate q(-1).
-17
Let c(w) = 2007*w**2 - 15*w + 16. Give c(1).
2008
Let s(t) = -240*t - 4907. Give s(-20).
-107
Let v(t) = 4*t**2 + 6*t - 155. What is v(6)?
25
Let g(y) = -y**3 + 59*y**2 + 198*y - 4483. What is g(61)?
153
Let r(h) = 2*h**3 + 243*h**2 + 6884*h - 35. Give r(-45).
10
Let m(q) = 6*q**3 + 10*q**2 - 8*q - 48. Calculate m(7).
2444
Let y(t) = -15*t**2 - 467*t + 149. Determine y(-21).
3341
Let d(v) = -587*v + 12371. Determine d(21).
44
Let b(j) = 231*j - 578. Calculate b(-2).
-1040
Let q(u) = 1232*u - 26852. Calculate q(22).
252
Let r(a) = 13*a**2 - 68*a - 631. Calculate r(-7).
482
Let q(l) = -l**3 + 36*l - 3. Determine q(5).
52
Let s(w) = 14*w**3 + 14*w**2 + 142*w + 341. Give s(-2).
1
Let m(y) = 321*y**2 + 20263*y + 2526. Determine m(-63).
6
Let g(l) = 47*l**3 - 8*l**2 - 26*l - 30. What is g(-3)?
-1293
Let s(o) = 57*o**2 + 731*o - 4972. Calculate s(7).
2938
Let c(d) = -4*d**3 + 75*d**2 - 2057*d + 39456. Calculate c(19).
12
Let g(r) = -677*r + 2762. Give g(6).
-1300
Let t(h) = -h**3 - 16*h**2 - 44*h + 105. Give t(-7).
-28
Let m(t) = t**2 + 153*t - 51996. What is m(165)?
474
Let j(i) = -i**3 - 8589*i**2 + 146318*i - 250. What is j(17)?
22
Let u(d) = -2*d**2 + 162*d + 7081. Calculate u(-31).
137
Let m(y) = -y**3 + 26*y**2 + 65*y - 120. Calculate m(28).
132
Let p(x) = 2448*x + 129753. Give p(-53).
9
Let f(k) = 204*k + 169. Calculate f(-1).
-35
Let g(p) = -p**3 - 137*p**2 + 154*p + 2098. Give g(-138).
-110
Let y(d) = -355*d**2 + 14213*d - 441. Determine y(40).
79
Let f(y) = -y**3 + 33*y**2 - 1846*y + 39122. What is f(24)?
2
Let k(m) = -22*m**3 - 27959*m**2 + 3817*m + 5084. Determine k(-1271).
0
Let l(u) = -8460*u + 67799. Determine l(8).
119
Let d(q) = 501*q + 6345. Calculate d(-13).
-168
Let m(a) = 3*a**3 + 99*a**2 + 39*a + 4812. What is m(-34)?
18
Let o(n) = -2545*n + 30207. Calculate o(12).
-333
Let d(m) = m**2 - 6812*m - 54571. Give d(-8).
-11
Let h(m) = -6*m**3 + 312*m**2 - 3798*m + 1035. What is h(33)?
-153
Let t(z) = 60895*z - 4079981. What is t(67)?
-16
Let k(z) = 13163*z - 1342641. What is k(102)?
-15
Let q(g) = -29*g**2 - 769*g + 2080. Calculate q(-29).
-8
Let v(m) = 3*m**2 - 5660*m + 68002. Determine v(12).
514
Let p(f) = -3*f**2 + 331*f + 105142. Determine p(-140).
2
Let h(v) = v**3 + 43*v**2 + 126*v + 3522. Determine h(-42).
-6
Let j(k) = -12*k**2 + 1459*k + 9198. Determine j(-6).
12
Let t(w) = -9*w**2 - 1427*w - 18860. Calculate t(-144).
4
Let k(a) = 7*a**3 + 3855*a**2 + 2719*a - 17002. Calculate k(-550).
48
Let y(k) = -319*k + 431. Give y(3).
-526
Let g(j) = -j**3 - 251*j**2 - 3328*j - 114. Determine g(-14).
26
Let v(q) = q**3 - 110*q**2 - 322*q - 1891. What is v(113)?
30
Let l(u) = 7*u**2 + 102*u + 986. What is l(-8)?
618
Let m(f) = -9*f**3 - 46*f**2 - 203*f + 24. What is m(-5)?
1014
Let d(g) = 9*g**3 - 52*g**2 + 179*g - 860. Determine d(5).
-140
Let u(t) = 6267*t + 670575. Calculate u(-107).
6
Let i(a) = -2*a**2 - 762*a + 65241. What is i(72)?
9
Let m(n) = 6854*n + 20605. Give m(-3).
43
Let g(t) = 2*t**3 - t**2 + 70*t - 24. Calculate g(7).
1103
Let j(y) = 312*y**2 + 1546*y + 3. What is j(-5)?
73
Let j(i) = 6*i**3 - 1572*i**2 - 1574*i - 1060. What is j(263)?
-8
Let q(k) = -k**3 + 3*k**2 - 290*k - 34. Determine q(0).
-34
Let j(z) = -224*z**2 - 27*z + 114. Give j(4).
-3578
Let c(w) = 5453*w + 20706. What is c(-4)?
-1106
Let z(p) = -p**3 - 14*p**2 + 32*p - 1688. Give z(-23).
2337
Let k(y) = -y**3 + 25*y**2 + 76*y - 980. Calculate k(28).
-1204
Let g(k) = 881*k**2 + 12127*k + 8783. Give g(-13).
21
Let w(j) = 420*j - 27651. Determine w(66).
69
Let a(d) = 13*d**2 + 636*d - 3974. What is a(6)?
310
Let f(q) = 640807*q - 640774. Calculate f(1).
33
Let s(f) = -f**3 - 11*f**2 - 141*f - 914. What is s(-8)?
22
Let a(w) = 3*w**2 - 231*w - 2010. Determine a(85).
30
Let k(j) = 67*j**2 + 3060*j + 439. What is k(-45)?
-1586
Let z(s) = s**2 + 83*s + 1473. Give z(-27).
-39
Let g(n) = n**3 - 17*n**2 + 57*n - 51. Give g(10).
-181
Let l(s) = -586*s**2 + 3500*s - 3501. Give l(1).
-587
Let l(r) = r**3 - 908*r**2 + 33063*r - 105. Calculate l(38).
9
Let z(d) = -76*d**2 + 541*d - 944. What is z(3)?
-5
Let z(n) = -19*n**3 + 24*n**2 + 225*n + 360. Determine z(-2).
158
Let o(j) = 1626*j**2 - 281277*j - 3632. Determine o(173).
1
Let o(v) = -v**3 - 535*v**2 - 18431*v - 205. Determine o(-37).
-20
Let x(m) = m**2 - 846*m + 105889. Determine x(693).
-140
Let k(m) = 7*m**2 - 2045*m - 3474. What is k(290)?
-7824
Let g(h) = h**2 - 15*h - 7176. What is g(-65)?
-1976
Let q(b) = -76*b**2 + 54861*b + 7939. Calculate q(722).
-3
Let h(t) = 30*t**3 - 11941*t**2 - 98*t + 197397. Calculate h(398).
-11
Let k(j) = 167*j**2 + 2328*j + 17. Give k(-15).
2672
Let r(f) = 1458*f - 414219. Calculate r(284).
-147
Let a(y) = -509*y + 71956. Calculate a(138).
1714
Let n(z) = 63152*z + 1768255. What is n(-28)?
-1
Let a(q) = -2*q**2 + 59*q + 13093. Calculate a(97).
-2
Let s(b) = 1704*b - 5387. What is s(3)?
-275
Let c(y) = -12*y**2 + 85*y + 923. Calculate c(-6).
-19
Let z(r) = r**3 + 21*r**2 + 6*r - 49. Calculate z(-17).
1005
Let x(y) = -31803*y - 1780970. Calculate x(-56).
-2
Let v(h) = h**2 + 4253*h - 68290. Calculate v(16).
14
Let n(b) = 30942*b + 1763679. What is n(-57)?
-15
Let c(h) = h**2 + 10*h - 100. Calculate c(6).
-4
Let k(j) = 458*j**2 + 168*j + 179. Determine k(-1).
469
Let a(y) = -21*y**3 - y**2 + 3*y - 197. Calculate a(0).
-197
Let k(n) = -15*n**3 - 241*n**2 - 943*n + 98. Give k(-9).
-1
Let g(y) = 1080*y - 284025. What is g(263)?
15
Let k(n) = -16*n**3 - 78*n**2 - 753*n - 3735. Determine k(-5).
80
Let f(s) = -547*s**2 + 42666*s - 3. Give f(78).
-3
Let x(s) = -2821*s - 880136